{"id":536,"date":"2023-07-25T20:27:38","date_gmt":"2023-07-25T20:27:38","guid":{"rendered":"https:\/\/isabelcocinaaldisco.com\/?page_id=536"},"modified":"2023-07-26T00:37:07","modified_gmt":"2023-07-26T00:37:07","slug":"franquicias","status":"publish","type":"page","link":"https:\/\/isabelcocinaaldisco.com\/index.php\/franquicias\/","title":{"rendered":"FRANQUICIAS"},"content":{"rendered":"<div class=\"wpb-content-wrapper\"><p>[vc_row][vc_column][vc_column_text]<\/p>\n<h2><\/h2>\n<h2 style=\"text-align: center;\">SI EST\u00c1S PENSANDO EN TENER TU PROPIO<\/h2>\n<h2 style=\"text-align: center;\">ISABEL COCINA AL DISCO,<\/h2>\n<h2 style=\"text-align: center;\"><span style=\"color: #ff6600;\"><a style=\"color: #ff6600;\" href=\"https:\/\/isabelcocinaaldisco.com\/wp-content\/uploads\/2023\/07\/isabel_dossier_jul23-1.pdf\">DESCARG\u00c1 AC\u00c1 EL DOSSIER<\/a><\/span><\/h2>\n<h2 style=\"text-align: center;\">Y ESCRIBINOS.<\/h2>\n<h2 style=\"text-align: center;\">TE ESTAMOS ESPERANDO!<\/h2>\n<p>[\/vc_column_text][\/vc_column][\/vc_row]<\/p>\n<\/div>","protected":false},"excerpt":{"rendered":"<p>[vc_row][vc_column][vc_column_text] SI EST\u00c1S PENSANDO EN TENER TU PROPIO ISABEL COCINA AL DISCO, DESCARG\u00c1 AC\u00c1 EL DOSSIER Y ESCRIBINOS. TE ESTAMOS ESPERANDO! [\/vc_column_text][\/vc_column][\/vc_row]<\/p>\n","protected":false},"author":2,"featured_media":0,"parent":0,"menu_order":0,"comment_status":"closed","ping_status":"closed","template":"","meta":{"footnotes":""},"class_list":["post-536","page","type-page","status-publish","hentry"],"_links":{"self":[{"href":"https:\/\/isabelcocinaaldisco.com\/index.php\/wp-json\/wp\/v2\/pages\/536","targetHints":{"allow":["GET"]}}],"collection":[{"href":"https:\/\/isabelcocinaaldisco.com\/index.php\/wp-json\/wp\/v2\/pages"}],"about":[{"href":"https:\/\/isabelcocinaaldisco.com\/index.php\/wp-json\/wp\/v2\/types\/page"}],"author":[{"embeddable":true,"href":"https:\/\/isabelcocinaaldisco.com\/index.php\/wp-json\/wp\/v2\/users\/2"}],"replies":[{"embeddable":true,"href":"https:\/\/isabelcocinaaldisco.com\/index.php\/wp-json\/wp\/v2\/comments?post=536"}],"version-history":[{"count":8,"href":"https:\/\/isabelcocinaaldisco.com\/index.php\/wp-json\/wp\/v2\/pages\/536\/revisions"}],"predecessor-version":[{"id":538,"href":"https:\/\/isabelcocinaaldisco.com\/index.php\/wp-json\/wp\/v2\/pages\/536\/revisions\/538"}],"wp:attachment":[{"href":"https:\/\/isabelcocinaaldisco.com\/index.php\/wp-json\/wp\/v2\/media?parent=536"}],"curies":[{"name":"wp","href":"https:\/\/api.w.org\/{rel}","templated":true}]}}