{"id":466,"date":"2020-12-02T02:44:07","date_gmt":"2020-12-02T02:44:07","guid":{"rendered":"https:\/\/isabelcocinaaldisco.com\/?page_id=466"},"modified":"2020-12-02T02:47:10","modified_gmt":"2020-12-02T02:47:10","slug":"nosotros","status":"publish","type":"page","link":"https:\/\/isabelcocinaaldisco.com\/index.php\/nosotros\/","title":{"rendered":"NOSOTROS"},"content":{"rendered":"<div class=\"wpb-content-wrapper\"><p>[vc_row css=\u00bb.vc_custom_1606877239073{margin-top: 200px !important;}\u00bb][vc_column width=\u00bb5\/6&#8243;][vc_column_text]<\/p>\n<h1>El arte del buen comer<\/h1>\n<p>Isabel cocina al disco es la mejor manera de experimentar la comida tradicional argentina en familia, un espacio gastron\u00f3mico donde cada plato es preparado y llevado a tu mesa en un disco de arado de campo propiamente curado para darle a cada opci\u00f3n del men\u00fa el toque inigualable de sabor que solo el disco proporciona.<\/p>\n<p>Somos cocineros sencillos y apasionados por lo que hacemos, donde nos gusta recibirlos como en casa, con platos abundantes para compartir y los mejores vinos y postres para acompa\u00f1ar una experiencia que de seguro no olvidar\u00e1n.<\/p>\n<p>En nuestros restaurantes disfrutar\u00e1s de la mejor atenci\u00f3n, con calidez, profesionalismo y esa sonrisa propia de quienes aman abrir las puertas del hogar, donde todos son bienvenidos, porque adem\u00e1s de ofrecerles el mejor recorrido culinario, contamos con un amplio sal\u00f3n de juegos para los m\u00e1s chicos, con personas encargadas de su cuidado y diversi\u00f3n.<\/p>\n<p>Isabel cocina al disco es una experiencia completa.[\/vc_column_text][\/vc_column][vc_column width=\u00bb1\/6&#8243;][\/vc_column][\/vc_row]<\/p>\n<\/div>","protected":false},"excerpt":{"rendered":"<p>[vc_row css=\u00bb.vc_custom_1606877239073{margin-top: 200px !important;}\u00bb][vc_column width=\u00bb5\/6&#8243;][vc_column_text] El arte del buen comer Isabel cocina al disco es la mejor manera de experimentar la comida tradicional argentina en familia,<span class=\"excerpt-hellip\"> [\u2026]<\/span><\/p>\n","protected":false},"author":1,"featured_media":0,"parent":0,"menu_order":0,"comment_status":"closed","ping_status":"closed","template":"","meta":{"footnotes":""},"class_list":["post-466","page","type-page","status-publish","hentry"],"_links":{"self":[{"href":"https:\/\/isabelcocinaaldisco.com\/index.php\/wp-json\/wp\/v2\/pages\/466","targetHints":{"allow":["GET"]}}],"collection":[{"href":"https:\/\/isabelcocinaaldisco.com\/index.php\/wp-json\/wp\/v2\/pages"}],"about":[{"href":"https:\/\/isabelcocinaaldisco.com\/index.php\/wp-json\/wp\/v2\/types\/page"}],"author":[{"embeddable":true,"href":"https:\/\/isabelcocinaaldisco.com\/index.php\/wp-json\/wp\/v2\/users\/1"}],"replies":[{"embeddable":true,"href":"https:\/\/isabelcocinaaldisco.com\/index.php\/wp-json\/wp\/v2\/comments?post=466"}],"version-history":[{"count":3,"href":"https:\/\/isabelcocinaaldisco.com\/index.php\/wp-json\/wp\/v2\/pages\/466\/revisions"}],"predecessor-version":[{"id":470,"href":"https:\/\/isabelcocinaaldisco.com\/index.php\/wp-json\/wp\/v2\/pages\/466\/revisions\/470"}],"wp:attachment":[{"href":"https:\/\/isabelcocinaaldisco.com\/index.php\/wp-json\/wp\/v2\/media?parent=466"}],"curies":[{"name":"wp","href":"https:\/\/api.w.org\/{rel}","templated":true}]}}